 = 0. Does 6 divide p?
True
Let l = 24 - 35. Let r(p) = -p**2 - 13*p + 16. Let u be r(l). Is 11 a factor of u/6*(11 - 4/(-1))?
False
Let a = -7 + 90. Let d = a + 3. Suppose -x + 3*u + d = 2*u, -3*u = -4*x + 348. Is 15 a factor of x?
True
Let g be (-73)/(-146) - (165/(-2))/3. Let q = 62 - g. Suppose 36*t - 362 = q*t. Does 14 divide t?
False
Suppose 7*a - 11760 = -7*a. Let f = a - 521. Is f a multiple of 29?
True
Suppose -5*c + 2*q - 186 = -1025, 3*c - 499 = -q. Let s = 188 - c. Is 2 a factor of s?
False
Let b = -4240 - -21988. Does 204 divide b?
True
Let s(u) = -508*u + 2175. Is s(-4) a multiple of 7?
True
Suppose 0 = 30*f - 28*f + 5*x + 639, f - 2*x = -324. Let r = f - -550. Is 36 a factor of r?
False
Suppose -7*a = 44*a - 4*a - 844543. Is a a multiple of 119?
True
Let i = 520 - 331. Let u = i + -106. Suppose 0 = 4*f + f + 5*c - 195, 2*f - u = 3*c. Does 14 divide f?
False
Let v(h) = -2*h**2 - 3*h + 7. Let o be v(-4). Let t = 29 - o. Suppose 0 = -i - r + t, -r = r + 6. Is i a multiple of 8?
False
Let m(z) = z**3 - 19*z**2 + 39. Suppose 9*f + 82 = -476. Let b = -43 - f. Is m(b) a multiple of 13?
True
Suppose w = 3*i - 2264, -w + 0*w + 1 = 0. Suppose 5*q - 5*n - 1847 = -4*n, -2*q + i = 5*n. Is 52 a factor of q?
False
Suppose 0 = 3*n - 4*q - 77 - 991, -2*q = 0. Suppose 0 = 3*j + s - 1116, 2*j - j = -4*s + 372. Suppose -3*t + 5*t - n = -k, j = 2*t + 5*k. Is t a multiple of 39?
False
Suppose -6*y = -4*m + 7070, 1823 + 1715 = 2*m - 2*y. Is 25 a factor of m?
False
Let w(v) = v**3 - 8*v**2 - 11*v + 19. Let x(h) = h**2 + 15*h + 35. Let g be x(-13). Let p be w(g). Is 30 a factor of 1*(228/3)/p?
False
Let a be -3 + (-10)/(-4) - (-21)/(-14). Is 12 a factor of 3 - (-4)/a*(-591)/3?
False
Let s(f) = -f**2 + 9*f + 13. Let l be s(10). Suppose -346 = l*d - 5*d. Let y = d - 101. Is 9 a factor of y?
True
Suppose -30*f + 85523 = 44*f - 844583. Is 23 a factor of f?
False
Let j = 4966 + -4810. Let i(a) = a**3 + 5*a - 3. Let l be i(3). Let x = j - l. Does 13 divide x?
True
Let i(l) be the first derivative of -l**3/3 + 15*l**2/2 - 10*l + 8. Let h be i(10). Suppose -h - 8 = -3*s. Is s a multiple of 16?
True
Suppose 5*h + 5*k - 97965 = 0, -3*h - 3*k + k + 58783 = 0. Is 42 a factor of h?
False
Suppose 80*n - 17*n - 1117573 = -26*n. Is 29 a factor of n?
True
Let b(o) be the third derivative of o**5/20 - o**4/8 - o**3/6 + 23*o**2. Suppose 0 = -2*g - 4*f + 24, -3 = 4*g - 5*f + 1. Is b(g) a multiple of 7?
True
Suppose -4*k + 17 = -23. Suppose k*t - 1232 = 2368. Does 20 divide t?
True
Let l = -2382 + 3349. Suppose a - l = -373. Is 27 a factor of a?
True
Let s = 9387 - 7968. Is 11 a factor of s?
True
Let x(u) be the second derivative of 5*u**4/12 + 2*u**3 - 13*u**2/2 - 27*u. Let a be x(-6). Suppose 5*i = a + 630. Does 13 divide i?
False
Suppose -3*f - 5*q = -14537, 0 = -18*f + 19*f - 4*q - 4857. Does 13 divide f?
True
Is 32 a factor of (1 + (-106896)/32)*(-3 + 1)?
False
Let c = 81 - 81. Suppose c = 3*v, 2 + 4 = 2*p - 5*v. Suppose -p*j = 4*m - 224, -j = -11*m + 6*m + 280. Does 8 divide m?
True
Let i(r) = 2*r**2 + 12*r - 9. Let v(x) = -x**2 + x - 1. Let a(c) = i(c) + 5*v(c). Let w be a(10). Is 36 a factor of (2/(-4))/((2/2)/w)?
True
Suppose 37*q = 72662 + 94874. Is 126 a factor of q?
False
Suppose 5*o = -4*i - 5, i + 4*o = -3 - 1. Suppose -b + 15 = 2*t, 2*b - 18*t + 16*t = 6. Suppose b*d + 5*d - 1584 = i. Is 12 a factor of d?
True
Let t = 45 - -10. Suppose 8*h - 3*h = t. Is 5 a factor of h?
False
Let x(t) = 18*t**3 + 113*t**2 - 15*t + 3. Is 16 a factor of x(-5)?
False
Let t(j) = -j**3 + 4*j + 6. Let b be t(5). Let g be 2/11 - 378/b. Suppose -g*l = -3*r - 78, -5*r + 14 = 3*l - 30. Does 18 divide l?
True
Let h(y) = 17*y - 58. Suppose 11*a - 7*a - 35 = 5*p, -3*p = 9. Is 9 a factor of h(a)?
True
Suppose 4*r - 3*n = 37447, -144*r + n + 37445 = -140*r. Does 5 divide r?
False
Let z(u) = 26*u**3 + 29*u**2 + 6*u + 69. Let j(o) = 11*o**3 + 14*o**2 + 3*o + 35. Let g(k) = 7*j(k) - 3*z(k). Does 24 divide g(10)?
True
Let c = 54898 + -27546. Does 121 divide c?
False
Let n be (-6)/((-6)/(-5)) - -13. Suppose -3*z - n*d = -4*d - 2175, -4*z = -2*d - 2922. Does 18 divide z?
False
Is 7 a factor of (5 + (-17)/((-119)/(-42)))*(-935 + 2)?
False
Let u(y) = -y**3 + 11*y**2 + 11*y + 16. Let a be u(12). Suppose 0*x - s = -4*x + 282, a*x - 280 = 2*s. Is x a multiple of 15?
False
Suppose -2*b + 5*b = 12. Is b/34 + (-39)/51*-9 even?
False
Let v(n) = -2*n**2 + 50*n + 49. Let y be v(26). Suppose 3*p + 4*x - 42 = 0, 2*p + 5*x + 51 = 4*p. Is y/(p/(-4))*30 a multiple of 10?
True
Let v(d) = -3*d**3 + 196*d**2 - 25*d + 156. Is 17 a factor of v(65)?
False
Let g(h) = 431*h**2 + 27*h + 26. Let a be g(-1). Let b = 1730 - a. Is 12 a factor of b?
False
Suppose 38 = 41*u - 43*u. Let f be u/(2*1/10). Let q = f + 185. Is q a multiple of 30?
True
Suppose 3*l + 5*x = 7732, 0*l - 2*x - 12928 = -5*l. Is l a multiple of 76?
True
Suppose 2*p - 10 = -3*t, -p + 8 = 3*t - 0*p. Suppose 111 = -t*w + 3*y, w + 3*y - 4*y = -53. Does 14 divide (w/28)/((-8)/196)?
True
Let m = -4 - -11. Suppose -6*k - 5 = -m*k. Suppose 2*n - 78 = 3*h + 33, k*n + 2*h = 306. Is n a multiple of 18?
False
Let m = -33 + 38. Suppose 7*j - 6 = 4*j. Suppose 3*g = -j + 5, -2*w + m*g = -19. Is 3 a factor of w?
True
Let l(f) = -2767*f - 2516. Does 8 divide l(-5)?
False
Suppose i = 2*r + r + 24, 0 = 3*r - 15. Suppose i*z - 37*z = 2*c + 254, 2*z = -5*c + 247. Does 18 divide z?
True
Is (((-8)/(-20))/(2 + -4))/((-27)/1328535) a multiple of 11?
False
Suppose -5*k + 2*c = -103690, 62218 = 3*k + 98*c - 100*c. Is k a multiple of 128?
True
Let a(m) = -675*m**3 - 3*m**2 + 55*m + 116. Does 29 divide a(-2)?
True
Let f(x) = -37*x**3 - 4*x**2 + 9*x - 4. Is 8 a factor of f(-4)?
True
Suppose k = 3, -60 = -5*x + 2*k + 34. Let i(o) = o**2 + 11*o + 8. Let d be i(-9). Let v = d + x. Does 10 divide v?
True
Suppose -2*j = -8*j - 168. Let c = j - -36. Is -2 - ((-2583)/28 + 2/c) a multiple of 18?
True
Let c be 1 + (2 - 1 - 4) + 2. Suppose -4*i - 5*v + 40 = i, -2*i + 4*v - 14 = c. Suppose -i*r + 263 = -175. Is r a multiple of 35?
False
Let h(v) = 2*v + 8*v**3 + 2*v**2 - 5 - 7*v**3 + v**3 - 9*v. Does 23 divide h(3)?
True
Suppose 44533 = 23*l + 8*l - 406610. Does 231 divide l?
True
Let f(t) = 3*t + 22. Suppose 0 = -4*u + 15 + 1, 4*k - 48 = -4*u. Suppose -3*d - d + 16 = 4*g, 0 = 2*d - k. Is f(g) a multiple of 9?
False
Suppose 9*j - 5 = 40. Suppose 6*b - 8*b = -m - 675, -5*m - 1700 = -j*b. Is 18 a factor of b?
False
Let l = 4455 - -989. Does 4 divide l?
True
Let i = -36 + 32. Let q be 2 - ((-1 - -3) + i). Let w(x) = 2*x**3 - 8*x**2 + 10*x - 4. Is 18 a factor of w(q)?
True
Let w be 4/14 - 0 - (-86)/(-7). Is (56/w)/((-4)/288) a multiple of 6?
True
Suppose 5*f + 1758 = -4*r + 218, 1221 = -4*f - r. Let y = f - -515. Is 9 a factor of y?
False
Let b be 7 + 8/(56/315). Suppose 67*n - b*n - 4290 = 0. Is 13 a factor of n?
True
Let d be (-924)/(-10) + (-3)/(-5). Let n(g) = 138*g - 558. Let s be n(5). Let k = s - d. Is k a multiple of 4?
False
Suppose 0 = -5*z - z + 12696. Suppose -15*f + 11*f = -z. Suppose -a = 4*a - 2*o - 867, 0 = -3*a - o + f. Does 35 divide a?
True
Suppose -2*u + 3*c + 2*c + 1081 = 0, 3*u + 3*c - 1632 = 0. Suppose -2*j - 162*h + 165*h = -27, -2*j + 7 = h. Suppose 0 = -j*s + u - 105. Does 10 divide s?
False
Suppose 15*m + 823 = -632. Let z = m + 219. Is 15 a factor of z?
False
Let b = 84 - 237. Let m = b + 222. Does 17 divide m?
False
Suppose 4*k = 8*k - 140. Let u = k + -31. Suppose -l - 202 = -2*c - 0*c, -108 = -c + u*l. Does 20 divide c?
True
Let i(j) = j**3 + 9*j**2 + 12*j + 8. Let v be i(-7). Suppose v*o = 20*o + 808. Is o a multiple of 13?
False
Let x(a) = -a**2 + 7*a + 3. Let l be x(7). Suppose -28*n = 23*n - 255. Suppose -5*h + n*i = -h - 82, -l*h + 52 = i. Does 9 divide h?
True
Suppose 22*r = 25*r - 30. Let c(u) = -u**3 + 15*u**2 + 17*u - 5. Let d be c(14). Suppose -r*m + d = -7*m. Is m a multiple of 14?
False
Let f(u) = 65*u**2 + 141*u + 40. Is 30 a factor of f(-10)?
True
Suppose -37*g + 30*g = -59150. Suppose 660*t + g = 670*t. Is t a multiple of 13?
True
Suppose 5*v - 4695 = 5*y, 4*v + 5*y + 2817 = 7*v. Let r = v + -423. Is 10 a factor of r?
False
Let c(a) = 4*a + 39. Let i(o) = 8*o + 78. Let l(w) = 5*c(w) - 3*i(w). Let z be l(-10). Does 14 divide (24 - 28)/(z/(-20))?
Fals